208*w - 77. What are the prime factors of m(29)?
619
Let l = -13 - -16. Let f = l + 0. List the prime factors of f*((-230)/(-3))/5.
2, 23
List the prime factors of 8/(-22) - (-349700)/572.
13, 47
Suppose -4*n + 11 = 3*g, -3*n - 3*g + 9 = -0*n. Suppose -4*o = -5*c + n, 3*c + 2*o + 0 = -12. Let x = 6 + c. What are the prime factors of x?
2
Let p(r) = 11*r + 4081. What are the prime factors of p(0)?
7, 11, 53
Suppose -3*c + 677 = l, -5*l - 12*c = -13*c - 3433. What are the prime factors of l?
2, 7
Let h(f) = f**3 + 7*f**2 - 18*f - 6. List the prime factors of h(-8).
2, 37
What are the prime factors of (582*(-56)/(-42))/((-2)/(-5))?
2, 5, 97
Let i(g) = g**3 - 11*g**2 + 6*g + 19. Let b be i(10). List the prime factors of 203*((-48)/b - 2).
2, 29
Suppose 2*l - 16 = -5*r, 4 = l - 3*r + 7. Suppose z = -l*z + 16. Suppose -5*n + z = 5*j - 21, 4*n = -j - 4. List the prime factors of j.
2
List the prime factors of ((-24)/16)/(5/20) + 2146.
2, 5, 107
Let v(t) = -29*t + 2. Let x be v(-1). Let o = x - 29. Suppose 66 = o*d - d. List the prime factors of d.
2, 3, 11
Suppose -9*f + 27888 = -2*f. Suppose 20*v - 4*v = f. What are the prime factors of v?
3, 83
Suppose -2*z - 4 = 5*v, -v - v - 16 = -4*z. Suppose 231 = z*s - 129. List the prime factors of s.
2, 3, 5
Let y(s) be the first derivative of s**6/360 - 7*s**5/120 - 3*s**4/4 - 3*s**3 - 8. Let d(u) be the third derivative of y(u). List the prime factors of d(10).
2, 3
What are the prime factors of (-472)/(-177)*(1 + 146)?
2, 7
Suppose -4*h + 6063 = -5513. What are the prime factors of h?
2, 1447
Suppose -m = -v - 4, -3*v - 14 = -2*m + m. Let z(s) = s**3 + 10*s**2 - 5*s + 4. List the prime factors of z(v).
2, 7, 11
Let w be (-8)/((-8)/(-2))*-2. Suppose -2*d + 2 = -2*l, -3*l + 11 = w*d - 0*l. List the prime factors of d.
2
What are the prime factors of (-1)/(2/1852)*1491/(-426)?
7, 463
Suppose y + 3*y = -2*r + 916, -5*r - y = -2263. What are the prime factors of r?
2, 113
Let w(z) = 24*z**2 + 7*z - 62. List the prime factors of w(5).
3, 191
Suppose -32 = -3*g - g. Suppose 12 + g = 4*j. What are the prime factors of j?
5
Let w = -4728 + 8372. List the prime factors of w.
2, 911
Let q be 2 + 96/((-8)/(-2)). Let n = -24 + q. Suppose 2*d + 3*o - 54 = 0, n*d = -4*o + 3*o + 54. List the prime factors of d.
3
Let c = 4970 - 1127. What are the prime factors of c?
3, 7, 61
Suppose -3*u - 4 = -10. Suppose 2*f + u*f - 100 = 0. What are the prime factors of f?
5
Let a = 345 + -244. Let r = 90 - 158. Let x = r + a. What are the prime factors of x?
3, 11
Let z(o) = o**3 + 11*o**2 + 13*o - 3. Suppose 13*h - 8*h = -45. List the prime factors of z(h).
2, 3, 7
Suppose -340 = -3*d - 2*d. Let m = d - 9. List the prime factors of m.
59
Let y = 701 + -360. What are the prime factors of y?
11, 31
Suppose 0 = -9*s + 362 + 3292. List the prime factors of s.
2, 7, 29
Let x = 24 + -49. Let d be 30/x*(1 - -9). List the prime factors of (28/(-6))/(2/d).
2, 7
Suppose 18*c + 6*c = 4*c. Let h = 0 + 5. Suppose -5*y - x - 28 = -178, c = -h*y + 5*x + 120. What are the prime factors of y?
29
Suppose 1484 = -45*x + 49*x. List the prime factors of x.
7, 53
Let j(k) = 2*k**3 - k**2 + k - 2. Suppose 9*m = 4*m + 10. Let n be j(m). Suppose 85 = n*t - 7*t. What are the prime factors of t?
17
Suppose 14*k - 17*k - 1951 = -2*s, -s + 1003 = 4*k. List the prime factors of s.
983
Let n(g) = g**2 + 17*g + 169. What are the prime factors of n(31)?
1657
Let o(i) = -205*i - 144. List the prime factors of o(-4).
2, 13
Suppose -48*p + 49*p = 4*l + 1774, 0 = 5*p + l - 8765. What are the prime factors of p?
2, 877
Suppose 3*b - 13 = -43. Let l be ((-1)/(-2))/(b/(-60)). Suppose c = -l*c + 192. List the prime factors of c.
2, 3
Suppose -2*b + 3*b = 45. Suppose 0 = -4*t - 5*p + 46 + 66, -3*p - b = -t. List the prime factors of t.
3, 11
Let k(l) = -2*l**3 + 5*l**2 - 3*l. Let a be k(5). Let w = -81 - a. Suppose 3*s + 5 = c, 5*c = 2*s - 4*s + w. What are the prime factors of c?
11
Suppose 19 = 2*k - 1. Suppose 5*w + k = 0, -o + 0*o + 138 = 4*w. List the prime factors of o.
2, 73
Let d be ((-5)/10)/((-453)/(-454) - 1). Let s = d - 11. What are the prime factors of s?
2, 3
Let m(i) = -i - 2. Let t be m(-10). Let o = t - 12. Let b(z) = z**3 + 4*z**2 - 2*z - 6. List the prime factors of b(o).
2
Let i(q) = 6*q + 24*q**2 + 2*q**2 - 4 - q. What are the prime factors of i(2)?
2, 5, 11
Let b(a) = -29*a - 8. Let n be b(-7). List the prime factors of (-4)/((-5)/(n/2)).
2, 3, 13
Suppose 3*r = 4*r. Suppose -t - 4*f = 3*t - 52, -5*t + 2*f + 79 = 0. Suppose 2*g - 13 - t = r. List the prime factors of g.
2, 7
Let f(l) = -8*l**3 + 5*l**2 - 4*l - 2. Let h be f(5). Let j = h + 185. List the prime factors of j/(-40) + (-1)/(-5).
2, 3
Suppose 2*h + 3*c = -135, 92 = -h - 4*c + 22. Let z = 101 + h. Suppose -2*l - 47 = -3*v + 3*l, 3*v = 2*l + z. What are the prime factors of v?
3
Let a be 1/(-1*2/(-12)). Let j be 96/(-12)*18/(-8). List the prime factors of 2/a + 372/j.
3, 7
Let a(r) = -286*r - 170. List the prime factors of a(-5).
2, 3, 5, 7
List the prime factors of 2 + 485 + (69 + 1)/10.
2, 13, 19
Suppose 0*z - 2*z + 208 = -2*y, -4*y - 4*z - 376 = 0. Let l = 157 + y. List the prime factors of l.
2, 29
Let j(w) = w**3 - 29*w**2 - 30*w + 102. What are the prime factors of j(30)?
2, 3, 17
Suppose -386 = -5*t - 116. Suppose -4*n + t = -10*n. What are the prime factors of 104/(-6)*n/6?
2, 13
Let j = -385 + 2954. List the prime factors of j.
7, 367
Let u(w) = -w**3 + 13*w**2 - 11*w - 5. Let z(k) = -2*k + 4. Let g be z(-4). Let x be 1/(((-7)/g)/(-7)). List the prime factors of u(x).
7
Let o(d) = d**3 + 10*d**2 - 8*d - 5. Let g be o(-9). Suppose -2*u - 4*v = -g, 6 = 3*v + 18. What are the prime factors of u?
2, 41
Suppose 0 = 3*i + 3*q + 18, -2*i + 3*i = 5*q + 24. Let n(j) be the first derivative of -5*j**2/2 - j + 1. List the prime factors of n(i).
2
Let m(a) = -2*a**2. Let p(s) = 3*s**2. Let k(u) = 8*m(u) + 5*p(u). Let t(w) = 2*w**2 + 10*w + 14. Let o(f) = 3*k(f) + t(f). List the prime factors of o(10).
2, 7
Suppose -5*o + 1086 = f - 151, 3*o = 4*f - 5040. What are the prime factors of f?
3, 419
Let r = 9 - 16. Let n(y) be the first derivative of -y**3/3 - 9*y**2 - 6*y - 83. What are the prime factors of n(r)?
71
Let k = 765 - -403. What are the prime factors of k?
2, 73
Let v(a) = a**2 - 12*a + 6. Let y be v(12). Suppose y*q = -0*q + 378. What are the prime factors of q?
3, 7
Suppose 0 = -5*x + a - 0*a + 148, -x - a + 32 = 0. Suppose m - 21 = x. What are the prime factors of m?
3, 17
Suppose 2*k + 3*n - 930 = -113, 3*k + n - 1229 = 0. List the prime factors of k.
2, 5, 41
Let u(w) be the third derivative of 3*w**4 + 2*w**3 + 9*w**2. List the prime factors of u(2).
2, 3, 13
Let z(w) = -w**3 + 32*w**2 + w + 38. List the prime factors of z(32).
2, 5, 7
Let y(o) be the third derivative of -7*o**4/24 - 7*o**3/6 + 4*o**2. Let v be y(-5). Let j = v - -3. What are the prime factors of j?
31
Let n = -12 + 15. Suppose 2*z - n*q = 317, -3*z - 2*z - 4*q + 827 = 0. Suppose 4*x - 99 = 2*f + z, -x = -f - 68. What are the prime factors of x?
3, 7
List the prime factors of ((-2358)/(-2))/((-3)/(-3)).
3, 131
Let y be (-65)/(-25) + 9/(-15). List the prime factors of y/(-4) + (-2676)/(-24).
3, 37
Let l = -45 + 25. What are the prime factors of (45/(-10))/(3/l)?
2, 3, 5
Suppose 2*r + 2 + 1 = f, r = 3*f - 4. List the prime factors of f*31*(0 - -4).
2, 31
Let i(s) = s - 4 + 3*s + 8 - 7*s + 2*s**2. List the prime factors of i(3).
13
Let b = 1138 - -3178. What are the prime factors of b?
2, 13, 83
Let o = 73 + -79. List the prime factors of (551/57)/((-1)/o*2).
29
Suppose -35*g - 4728 = -43*g. What are the prime factors of g?
3, 197
Let y = -560 + 2024. What are the prime factors of y?
2, 3, 61
Let g(s) = 4*s**2 - 1. Let y be g(1). Let i be 1/4*4 - -2. Suppose y*v = 15, i*l + 3*v - 27 = 33. List the prime factors of l.
3, 5
Suppose 0*s = -3*s - 9, -c + 2*s = -339. List the prime factors of c.
3, 37
Suppose -136*p + 5*s = -133*p - 4574, 4*p - 5*s = 6102. What are the prime factors of p?
2, 191
Suppose m + 8 = 5*t - 1, 3*m = t - 13. Let q be t/(-5) + 612/(-15). Let f = -22 - q. What are the prime factors of f?
19
Suppose -3*p + 32 = p. What are the prime factors of 774/p + 15/(-20)?
2, 3
List the prime factors of -2*(-